{"id":5359,"date":"2022-07-05T11:40:02","date_gmt":"2022-07-05T09:40:02","guid":{"rendered":"http:\/\/politikundrechterleben.uni-goettingen.de\/wordpress\/?page_id=5359"},"modified":"2023-06-12T12:01:51","modified_gmt":"2023-06-12T10:01:51","slug":"impressum","status":"publish","type":"page","link":"https:\/\/politikundrechterleben.uni-goettingen.de\/wordpress\/impressum\/","title":{"rendered":"Impressum"},"content":{"rendered":"<div class=\"fusion-fullwidth fullwidth-box fusion-builder-row-1 fusion-flex-container nonhundred-percent-fullwidth non-hundred-percent-height-scrolling\" style=\"background-color: rgba(255,255,255,0);background-position: center center;background-repeat: no-repeat;border-width: 0px 0px 0px 0px;border-color:#eae9e9;border-style:solid;\" ><div class=\"fusion-builder-row fusion-row fusion-flex-align-items-flex-start\" style=\"max-width:1216.8px;margin-left: calc(-4% \/ 2 );margin-right: calc(-4% \/ 2 );\"><div class=\"fusion-layout-column fusion_builder_column fusion-builder-column-0 fusion_builder_column_1_1 1_1 fusion-flex-column\"><div class=\"fusion-column-wrapper fusion-flex-justify-content-flex-start fusion-content-layout-column\" style=\"background-position:left top;background-repeat:no-repeat;-webkit-background-size:cover;-moz-background-size:cover;-o-background-size:cover;background-size:cover;padding: 0px 0px 0px 0px;\"><style type=\"text\/css\">@media only screen and (max-width:1024px) {.fusion-title.fusion-title-1{margin-top:0px!important; margin-right:!important;margin-bottom:30px!important;margin-left:!important;}}<\/style><div class=\"fusion-title title fusion-title-1 fusion-title-center fusion-title-text fusion-title-size-one\" style=\"margin-top:0px;margin-bottom:30px;\"><div class=\"title-sep-container title-sep-container-left\"><div class=\"title-sep sep-double sep-solid\" style=\"border-color:var(--awb-color5);\"><\/div><\/div><span class=\"awb-title-spacer\"><\/span><h1 class=\"title-heading-center fusion-responsive-typography-calculated\" style=\"font-family:&#039;Iowan Old Style&#039;, &#039;Apple Garamond&#039;, Baskerville, &#039;Times New Roman&#039;, &#039;Droid Serif&#039;, Times, &#039;Source Serif Pro&#039;, serif;font-weight:400;margin:0;text-transform:none;color:var(--awb-color4);--fontSize:60;line-height:var(--awb-typography1-line-height);\">Impressum<\/h1><span class=\"awb-title-spacer\"><\/span><div class=\"title-sep-container title-sep-container-right\"><div class=\"title-sep sep-double sep-solid\" style=\"border-color:var(--awb-color5);\"><\/div><\/div><\/div><div class=\"fusion-text fusion-text-1 fusion-text-split-columns fusion-text-columns-2\" style=\" -webkit-column-count:2; -webkit-column-gap:2em; -webkit-column-width:100px; -moz-column-count:2; -moz-column-gap:2em; -moz-column-width:100px; column-count:2; column-gap:2em; column-width:100px;font-family:&#039;Iowan Old Style&#039;, &#039;Apple Garamond&#039;, Baskerville, &#039;Times New Roman&#039;, &#039;Droid Serif&#039;, Times, &#039;Source Serif Pro&#039;, serif;font-weight:400;\"><p class=\"docData;DOCY;v5;9829;BQiAAgAAEfINAAAG9g0AAAPMJQAABdolAAAAAAAAAAAAAAAAAAAAAAAAAAAAAAAAAAAAAAAAAAAAAAAAAAAAAAAAAAAAAAAAAAAAAAAAAAAAAAAAAAAAAAAAAAAAAAAAAAAAAAAAAAAAAAAAAAAAAAAAAAAAAAAAAAAAAAAAAAAAAAAAAAAAAAAAAAAAAAAAAAAAAAAAAAAAAAAAAAAAAAAAAAAAAAAAAAAAAAAAAAAAAAAAAAAAAAAAAAAAAAAAAAAAAAAAAAAAAAAAAAAAAAAAAAAAAAAAAAAAAAAAAAAAAAAAAAAAAAAAAAAAAAAAAAAAAAAAAAAAAAAAAAAAAAAAAAAAAAAAAAAAAAAAAAAAAAAAAAAAAAAAAAAAAAAAAAAAAAAAAAAAAAAAAAAAAAAAAAAAAAAAAAAAAAAAAAAAAAAAAAAAAAAAAAAAAAAAAAAAAAAAAAAAAAAAAAAAAAAAAAAAAAAAAAAAAAAAAAAAAAAAAAAAAAAAAAAAAAAAAAAAAAAAAAAAAAAAAAAAAAAAAAAAAAAAAAAAAAAAAAAAAAAAAAAAAAAAAAAAAAAAAAAAAAAAAAAAAAAAAAAAAAAAAAAAAAAAAAAAAAAAAAAAAAAAAAAAAAAAAAAAAAAAAAAAAAAAAAAAAAAAAAAAAAAAAAAAAAAAAAAAAAAAAAAAAAAAAAAAAAAAAAAAAAAAAAAAAAAAAAAAAAAAAAAAAAAAAAAAAAAAAAAAAAAAAAAAAAAAAAAAAAAAAAAAAAAAAAAAAAAAAAAAAAAAAAAAAAAAAAAAAAAAAAAAAAAAAAAAAAAAAAAAAAAAAAAAAAAAAAAAAAAAAAAAAAAAAAAAAG4LAAAA8gEAAAEEAAAAAAAAAAMeAAAAQgBlAHIAZwAsACAARgByAGEAbgB6AGkAcwBrAGEAAgQAAABCAEYABB4AAABCAGUAcgBnACwAIABGAHIAYQBuAHoAaQBzAGsAYQAMCAAAAE4AbwBuAGUABSgAAAAyADAAMgAyAC0AMAA2AC0AMgA4AFQAMQA1ADoAMgA0ADoAMAAwAFoACAEAAAAACwQAAAAoGlpNBkwBAABFAHMAIABpAHMAdAAgAG4AaQBjAGgAdAAgAGcAYQBuAHoAIABlAGkAbgBkAGUAdQB0AGkAZwAsACAAbwBiACAAdwBpAHIAIABlAGkAbgAgAEkAbQBwAHIAZQBzAHMAdQBtACAAYgByAGEAdQBjAGgAZQBuACAAKABhAGwAcwBvACAAdQBuAHQAZQByACAAZABpAGUAIABWAGUAcgBwAGYAbABpAGMAaAB0AHUAbgBnACAAegB1AG0AIABFAGkAbgByAGkAYwBoAHQAZQBuACAAZQBpAG4AZQBzACAASQBtAHAAcgBlAHMAcwB1AG0AcwAgAGYAYQBsAGwAZQBuACkAOwAgAHcA\/AByAGQAZQAgAGUAcwAgAGEAYgBlAHIAIAB6AHUAcgAgAFMAaQBjAGgAZQByAGgAZQBpAHQAIABtAGEAYwBoAGUAbgAuAAAEAgAAAQQAAAABAAAAAx4AAABCAGUAcgBnACwAIABGAHIAYQBuAHoAaQBzAGsAYQACBAAAAEIARgAEHgAAAEIAZQByAGcALAAgAEYAcgBhAG4AegBpAHMAawBhAAwIAAAATgBvAG4AZQAFKAAAADIAMAAyADIALQAwADYALQAyADgAVAAxADUAOgAyADYAOgAwADAAWgAIAQAAAAALBAAAAHreu3cGXgEAAE0AZQBpAG4AIABWAG8AcgBzAGMAaABsAGEAZwAgAGkAcwB0ACwAIABoAGkAZQByACAAbgB1AHIAIABIAGUAcgByAG4AIABGAGkAbgBrACAAegB1ACAAbgBlAG4AbgBlAG4ALAAgAHcAZQBpAGwAIABlAHMAIABzAG8AbgBzAHQAIABiAHoAZwBsAC4AIABLAG8AbgB0AGEAawB0AGQAYQB0AGUAbgAgAGUAdABjAC4AIABvAGIAZQBuACAAegB1ACAAdQBuAPwAYgBlAHIAcwBpAGMAaAB0AGwAaQBjAGgAIAB3AGkAcgBkAC4AIABEAGUAcgAgAEEAYwBjAG8AdQBuAHQAIABmAPwAcgAgAGQAaQBlACAAVwBlAGIAcwBpAHQAZQAgAGwA5AB1AGYAdAAgAHoAdQBkAGUAbQAgAPwAYgBlAHIAIABIAGUAcgByAG4AIABGAGkAbgBrAC4AABQFAAABBAAAAAIAAAADHgAAAEIAZQByAGcALAAgAEYAcgBhAG4AegBpAHMAawBhAAIEAAAAQgBGAAQeAAAAQgBlAHIAZwAsACAARgByAGEAbgB6AGkAcwBrAGEADAgAAABOAG8AbgBlAAUoAAAAMgAwADIAMgAtADAANgAtADIAOABUADEANQA6ADUAOAA6ADAAMABaAAgBAAAAAAsEAAAAAoNZcwZuBAAASwBvAG0AbQBlAG4AdABhAHIAIABhAGwAcwAgAEcAZQBkAGEAbgBrAGUAbgBzAHQA\/AB0AHoAZQAgAGYA\/AByACAAbQBpAGMAaAAgAHMAZQBsAGIAcwB0ADoAIABXAG8AcgBkAHAAcgBlAHMAcwAgAHYAZQByAHcAZQBuAGQAZQB0ACAAbgB1AHIAIAB6AHcAZQBpACAAQQByAHQAZQBuACAAdgBvAG4AIABDAG8AbwBrAGkAZQBzACwAIABkAGkAZQAgAG4AdQByACAAcgBlAGwAZQB2AGEAbgB0ACAAdwBlAHIAZABlAG4ALAAgAHcAZQBuAG4AIABtAGEAbgAgAHMAaQBjAGgAIABlAGkAbgBsAG8AZwBnAHQAIAAoAGEAbABzAG8AIABuAHUAcgAgAGYA\/AByACAAZABhAHMAIABQAHIAbwBqAGUAawB0AHQAZQBhAG0AKQAgAG8AZABlAHIAIABlAGkAbgBlAG4AIABLAG8AbQBtAGUAbgB0AGEAcgAgAGgAaQBuAHQAZQByAGwA5ABzAHMAdAAgACgAdwD8AHIAZABlACAAZQBoAGUAcgAgAHYAbwBuACAAZABlAHIAIABNAPYAZwBsAGkAYwBoAGsAZQBpAHQAIABlAGkAbgBlAHIAIABLAG8AbQBtAGUAbgB0AGEAcgBmAHUAbgBrAHQAaQBvAG4AIABhAGIAcgBhAHQAZQBuACkAIAATICAAZABhAGgAZQByACAAbQD8AHMAcwBlAG4AIAB3AGkAcgAgAG4AaQBjAGgAdAAgAPwAYgBlAHIAIABkAGkAZQAgAEMAbwBvAGsAaQBlAC0AVgBlAHIAdwBlAG4AZAB1AG4AZwAgAGkAbgBmAG8AcgBtAGkAZQByAGUAbgAsACAAcwBvAGwAYQBuAGcAZQAgAHcAaQByACAAbgBpAGMAaAB0ACAAZAB1AHIAYwBoACAAaQByAGcAZQBuAGQAdwBlAGwAYwBoAGUAIAB6AHUAcwDkAHQAegBsAGkAYwBoAGUAbgAgAFAAbAB1AGcAaQBuAHMAIABvAOQALgAgAGQAbwBjAGgAIABhAG4AZABlAHIAZQAgAEMAbwBvAGsAaQBlAHMAIAB2AGUAcgB3AGUAbgBkAGUAbgAuAAoAQQBuAHMAbwBuAHMAdABlAG4AIABtAPwAcwBzAHQAZQBuACAAdwBpAHIAIAB3AGEAaAByAHMAYwBoAGUAaQBuAGwAaQBjAGgAIABoAGkAZQByAPwAYgBlAHIAIABnAGUAaABlAG4AOgAgAGgAdAB0AHAAcwA6AC8ALwB0AGgAZQBtAGUALQBmAHUAcwBpAG8AbgAuAGMAbwBtAC8AZABvAGMAdQBtAGUAbgB0AGEAdABpAG8AbgAvAGEAdgBhAGQAYQAvAG8AcAB0AGkAbwBuAHMALwBhAHYAYQBkAGEALQBwAHIAaQB2AGEAYwB5AC0AYgBhAHIALwAjAGIAYQBzAGkAYwBlAHgAYQBtAHAAbABlACAAAFACAAABBAAAAAMAAAADHgAAAEIAZQByAGcALAAgAEYAcgBhAG4AegBpAHMAawBhAAIEAAAAQgBGAAQeAAAAQgBlAHIAZwAsACAARgByAGEAbgB6AGkAcwBrAGEADAgAAABOAG8AbgBlAAUoAAAAMgAwADIAMgAtADAANgAtADIAOABUADEANgA6ADEANQA6ADAAMABaAAgBAAAAAAsEAAAA\/7VqTQaqAQAATQD8AHMAcwB0AGUAbgAgAHcAaQByACAA\/ABiAGUAcgBwAHIA\/ABmAGUAbgAsACAAdwBlAG4AbgAgAHcAaQByACAAcwBwAOQAdABlAHIAIAB6AC4AQgAuACAAWQBvAHUAdAB1AGIAZQAtAFYAaQBkAGUAbwBzACAAZQBpAG4AYgBlAHQAdABlAG4AIAB3AG8AbABsAGUAbgAuACAARwBnAGYALgAgAGoAZQB0AHoAdAAgAGUAcgBzAHQAbQBhAGwAIAAoADIAKQAgAHcAZQBnAGwAYQBzAHMAZQBuACAAdQBuAGQAIABkAGEAbgBuACAAYQBuAHAAYQBzAHMAZQBuACwAIAB3AGUAbgBuACAAdwBpAHIAIAB3AGkAcwBzAGUAbgAsACAAdwBpAGUAIAB1AG4AZAAgAG0AaQBjAGgAIAB3AGUAbABjAGgAZQBuACAAVABvAG8AbABzACAAZQBpAG4AZQAgAHMAbwBsAGMAaABlACAARQBpAG4AYgBlAHQAdAB1AG4AZwAgAGEAYgBsAGEAdQBmAGUAbgAgAHcA\/AByAGQAZQAuACAAAAAAANIXAAAAQgEAAAFLAAAAAQYAAAAACQYAAAAAGgYzAAAAAAEBBAYKAAAAQQByAGkAYQBsAAUGCgAAAEEAcgBpAGEAbAAHBgoAAABBAHIAaQBhAGwAGwYAAAAAAu0AAAAFCgAAAAEAAAAACAAAAAAGCQAAAAEEAAAAAAAAAAVUAAAAATMAAAAAAQEEBgoAAABBAHIAaQBhAGwABQYKAAAAQQByAGkAYQBsAAcGCgAAAEEAcgBpAGEAbAAIFwAAAAASAAAASQBtAHAAcgBlAHMAcwB1AG0ABwkAAAABBAAAAAAAAAAFEwAAAAgOAAAACwkAAAABBAAAAAAAAAAFCgAAAAEAAAAACAAAAAAFPQAAAAEzAAAAAAEBBAYKAAAAQQByAGkAYQBsAAUGCgAAAEEAcgBpAGEAbAAHBgoAAABBAHIAaQBhAGwACAAAAAAA3wAAAAFIAAAAAQYAAAAACQYAAAAAGgYwAAAABAYKAAAAQQByAGkAYQBsAAUGCgAAAEEAcgBpAGEAbAAHBgoAAABBAHIAaQBhAGwAGwYAAAAAAo0AAAAFOgAAAAEwAAAABAYKAAAAQQByAGkAYQBsAAUGCgAAAEEAcgBpAGEAbAAHBgoAAABBAHIAaQBhAGwACAAAAAAFCgAAAAEAAAAACAAAAAAFOgAAAAEwAAAABAYKAAAAQQByAGkAYQBsAAUGCgAAAEEAcgBpAGEAbAAHBgoAAABBAHIAaQBhAGwACAAAAAAAKAEAAAFIAAAAAQYAAAAACQYAAAAAGgYwAAAABAYKAAAAQQByAGkAYQBsAAUGCgAAAEEAcgBpAGEAbAAHBgoAAABBAHIAaQBhAGwAGwYAAAAAAtYAAAAFgwAAAAEwAAAABAYKAAAAQQByAGkAYQBsAAUGCgAAAEEAcgBpAGEAbAAHBgoAAABBAHIAaQBhAGwACEkAAAAARAAAAEcAZQBvAHIAZwAtAEEAdQBnAHUAcwB0AC0AVQBuAGkAdgBlAHIAcwBpAHQA5AB0ACAARwD2AHQAdABpAG4AZwBlAG4ABQoAAAABAAAAAAgAAAAABToAAAABMAAAAAQGCgAAAEEAcgBpAGEAbAAFBgoAAABBAHIAaQBhAGwABwYKAAAAQQByAGkAYQBsAAgAAAAAACQBAAABSAAAAAEGAAAAAAkGAAAAABoGMAAAAAQGCgAAAEEAcgBpAGEAbAAFBgoAAABBAHIAaQBhAGwABwYKAAAAQQByAGkAYQBsABsGAAAAAALSAAAABX8AAAABMAAAAAQGCgAAAEEAcgBpAGEAbAAFBgoAAABBAHIAaQBhAGwABwYKAAAAQQByAGkAYQBsAAhFAAAAAEAAAABJAG4AcwB0AGkAdAB1AHQAIABmAPwAcgAgAFAAbwBsAGkAdABpAGsAdwBpAHMAcwBlAG4AcwBjAGgAYQBmAHQABQoAAAABAAAAAAgAAAAABToAAAABMAAAAAQGCgAAAEEAcgBpAGEAbAAFBgoAAABBAHIAaQBhAGwABwYKAAAAQQByAGkAYQBsAAgAAAAAADoBAAABSAAAAAEGAAAAAAkGAAAAABoGMAAAAAQGCgAAAEEAcgBpAGEAbAAFBgoAAABBAHIAaQBhAGwABwYKAAAAQQByAGkAYQBsABsGAAAAAALoAAAABZUAAAABMAAAAAQGCgAAAEEAcgBpAGEAbAAFBgoAAABBAHIAaQBhAGwABwYKAAAAQQByAGkAYQBsAAhbAAAAAFYAAABMAGUAaAByAHMAdAB1AGgAbAAgAGYA\/AByACAAZABhAHMAIABwAG8AbABpAHQAaQBzAGMAaABlACAAUwB5AHMAdABlAG0AIABkAGUAcgAgAEIAUgBEAAUKAAAAAQAAAAAIAAAAAAU6AAAAATAAAAAEBgoAAABBAHIAaQBhAGwABQYKAAAAQQByAGkAYQBsAAcGCgAAAEEAcgBpAGEAbAAIAAAAAACDAQAAAUgAAAABBgAAAAAJBgAAAAAaBjAAAAAEBgoAAABBAHIAaQBhAGwABQYKAAAAQQByAGkAYQBsAAcGCgAAAEEAcgBpAGEAbAAbBgAAAAACMQEAAAV3AAAAATAAAAAEBgoAAABBAHIAaQBhAGwABQYKAAAAQQByAGkAYQBsAAcGCgAAAEEAcgBpAGEAbAAIPQAAAAA4AAAAUABsAGEAdAB6ACAAZABlAHIAIABHAPYAdAB0AGkAbgBnAGUAcgAgAFMAaQBlAGIAZQBuACAAMwAFYgAAAAEwAAAABAYKAAAAQQByAGkAYQBsAAUGCgAAAEEAcgBpAGEAbAAHBgoAAABBAHIAaQBhAGwACCgAAAAFAAAAAAAeAAAAMwA3ADAANwAzACAARwD2AHQAdABpAG4AZwBlAG4ABQoAAAABAAAAAAgAAAAABToAAAABMAAAAAQGCgAAAEEAcgBpAGEAbAAFBgoAAABBAHIAaQBhAGwABwYKAAAAQQByAGkAYQBsAAgAAAAAAAoBAAABSAAAAAEGAAAAAAkGAAAAABoGMAAAAAQGCgAAAEEAcgBpAGEAbAAFBgoAAABBAHIAaQBhAGwABwYKAAAAQQByAGkAYQBsABsGAAAAAAK4AAAABWUAAAABMAAAAAQGCgAAAEEAcgBpAGEAbAAFBgoAAABBAHIAaQBhAGwABwYKAAAAQQByAGkAYQBsAAgrAAAAACYAAABUAGUAbAAuADoAIAAwADUANQAxAC8AMwA5AC0AMgA2ADUAMQA5AAUKAAAAAQAAAAAIAAAAAAU6AAAAATAAAAAEBgoAAABBAHIAaQBhAGwABQYKAAAAQQByAGkAYQBsAAcGCgAAAEEAcgBpAGEAbAAIAAAAAAB2DwAAAWEAAAABBgAAAAAJBgAAAAAaBjAAAAAEBgoAAABBAHIAaQBhAGwABQYKAAAAQQByAGkAYQBsAAcGCgAAAEEAcgBpAGEAbAAbBhkAAAADFAAAAAADAAAABQQBAAAABgQMAAAAAwEBAgsPAAAFeQAAAAEwAAAABAYKAAAAQQByAGkAYQBsAAUGCgAAAEEAcgBpAGEAbAAHBgoAAABBAHIAaQBhAGwACD8AAAAAOgAAAEUALQBNAGEAaQBsADoAIABwAHUAcgBAAHUAbgBpAC0AZwBvAGUAdAB0AGkAbgBnAGUAbgAuAGQAZQAFPwAAAAEwAAAABAYKAAAAQQByAGkAYQBsAAUGCgAAAEEAcgBpAGEAbAAHBgoAAABBAHIAaQBhAGwACAUAAAAFAAAAAAU\/AAAAATAAAAAEBgoAAABBAHIAaQBhAGwABQYKAAAAQQByAGkAYQBsAAcGCgAAAEEAcgBpAGEAbAAIBQAAAAUAAAAABYIAAAABMAAAAAQGCgAAAEEAcgBpAGEAbAAFBgoAAABBAHIAaQBhAGwABwYKAAAAQQByAGkAYQBsAAhIAAAABQAAAAAAPgAAAFYAZQByAHQAcgBlAHQAdQBuAGcAcwBiAGUAcgBlAGMAaAB0AGkAZwB0AGUAIABQAGUAcgBzAG8AbgA6ACAABgkAAAABBAAAAAEAAAAFZwAAAAEwAAAABAYKAAAAQQByAGkAYQBsAAUGCgAAAEEAcgBpAGEAbAAHBgoAAABBAHIAaQBhAGwACC0AAAAAKAAAAFAAcgBvAGYALgAgAEQAcgAuACAAUwBpAG0AbwBuACAARgBpAG4AawAHCQAAAAEEAAAAAQAAAAUTAAAACA4AAAALCQAAAAEEAAAAAQAAAAVBAAAAATAAAAAEBgoAAABBAHIAaQBhAGwABQYKAAAAQQByAGkAYQBsAAcGCgAAAEEAcgBpAGEAbAAIBwAAAAACAAAALgAFPwAAAAEwAAAABAYKAAAAQQByAGkAYQBsAAUGCgAAAEEAcgBpAGEAbAAHBgoAAABBAHIAaQBhAGwACAUAAAAFAAAAAAVOAQAAATAAAAAEBgoAAABBAHIAaQBhAGwABQYKAAAAQQByAGkAYQBsAAcGCgAAAEEAcgBpAGEAbAAIFAEAAAUAAAAAAAoBAABEAGkAZQAgAEcAZQBvAHIAZwAtAEEAdQBnAHUAcwB0AC0AVQBuAGkAdgBlAHIAcwBpAHQA5AB0ACAARwD2AHQAdABpAG4AZwBlAG4AIABpAHMAdAAgAGUAaQBuAGUAIABLAPYAcgBwAGUAcgBzAGMAaABhAGYAdAAgAGQAZQBzACAA9gBmAGYAZQBuAHQAbABpAGMAaABlAG4AIABSAGUAYwBoAHQAcwAuACAAUwBpAGUAIAB3AGkAcgBkACAAZAB1AHIAYwBoACAAZABlAG4AIABQAHIA5ABzAGkAZABlAG4AdABlAG4AIABQAHIAbwBmAC4AIABEAHIALgAgAE0AZQB0AGkAbgAgAAVJAAAAATAAAAAEBgoAAABBAHIAaQBhAGwABQYKAAAAQQByAGkAYQBsAAcGCgAAAEEAcgBpAGEAbAAIDwAAAAAKAAAAVABvAGwAYQBuAAVrAAAAATAAAAAEBgoAAABBAHIAaQBhAGwABQYKAAAAQQByAGkAYQBsAAcGCgAAAEEAcgBpAGEAbAAIMQAAAAAsAAAAIABnAGUAcwBlAHQAegBsAGkAYwBoACAAdgBlAHIAdAByAGUAdABlAG4ALgAFPwAAAAEwAAAABAYKAAAAQQByAGkAYQBsAAUGCgAAAEEAcgBpAGEAbAAHBgoAAABBAHIAaQBhAGwACAUAAAAFAAAAAAU\/AAAAATAAAAAEBgoAAABBAHIAaQBhAGwABQYKAAAAQQByAGkAYQBsAAcGCgAAAEEAcgBpAGEAbAAIBQAAAAUAAAAABXoAAAABMwAAAAABAQQGCgAAAEEAcgBpAGEAbAAFBgoAAABBAHIAaQBhAGwABwYKAAAAQQByAGkAYQBsAAg9AAAAADgAAABaAHUAcwB0AOQAbgBkAGkAZwBlACAAQQB1AGYAcwBpAGMAaAB0AHMAYgBlAGgA9gByAGQAZQA6AAW2AQAAATAAAAAEBgoAAABBAHIAaQBhAGwABQYKAAAAQQByAGkAYQBsAAcGCgAAAEEAcgBpAGEAbAAIfAEAAAUAAAAAAHIBAABHAGUAbwByAGcALQBBAHUAZwB1AHMAdAAtAFUAbgBpAHYAZQByAHMAaQB0AOQAdAAgAEcA9gB0AHQAaQBuAGcAZQBuACAAUwB0AGkAZgB0AHUAbgBnACAA1gBmAGYAZQBuAHQAbABpAGMAaABlAG4AIABSAGUAYwBoAHQAcwAsACAAUwB0AGkAZgB0AHUAbgBnAHMAYQB1AHMAcwBjAGgAdQBzAHMAIABVAG4AaQB2AGUAcgBzAGkAdADkAHQAIAAoAKcApwAgADUAOQAgAEEAYgBzAC4AIAAyACwAIAA2ADAAIABBAGIAcwAuACAAMgAgAFMAYQB0AHoAIAAyACAATgByAC4AIAA3ACwAIAA2ADAAIABhACAAQQBiAHMALgAgADEAIABOAEgARwApACwAIABXAGkAbABoAGUAbABtAHMAcABsAGEAdAB6ACAAMQAsACAAMwA3ADAANwAzACAARwD2AHQAdABpAG4AZwBlAG4ABT8AAAABMAAAAAQGCgAAAEEAcgBpAGEAbAAFBgoAAABBAHIAaQBhAGwABwYKAAAAQQByAGkAYQBsAAgFAAAABQAAAAAFPwAAAAEwAAAABAYKAAAAQQByAGkAYQBsAAUGCgAAAEEAcgBpAGEAbAAHBgoAAABBAHIAaQBhAGwACAUAAAAFAAAAAAWGAAAAATMAAAAAAQEEBgoAAABBAHIAaQBhAGwABQYKAAAAQQByAGkAYQBsAAcGCgAAAEEAcgBpAGEAbAAISQAAAABEAAAAVQBtAHMAYQB0AHoAcwB0AGUAdQBlAHIALQBJAGQAZQBuAHQAaQBmAGkAawBhAHQAaQBvAG4AcwBuAHUAbQBtAGUAcgAFnwAAAAEwAAAABAYKAAAAQQByAGkAYQBsAAUGCgAAAEEAcgBpAGEAbAAHBgoAAABBAHIAaQBhAGwACGUAAAAAYAAAACAAZwBlAG0A5ADfACAApwAgADIANwAgAGEAIABVAG0AcwBhAHQAegBzAHQAZQB1AGUAcgBnAGUAcwBlAHQAegA6ACAARABFACAAMgA4ADYAIAAwADAANQAgADQAMAA4AAU\/AAAAATAAAAAEBgoAAABBAHIAaQBhAGwABQYKAAAAQQByAGkAYQBsAAcGCgAAAEEAcgBpAGEAbAAIBQAAAAUAAAAABT8AAAABMAAAAAQGCgAAAEEAcgBpAGEAbAAFBgoAAABBAHIAaQBhAGwABwYKAAAAQQByAGkAYQBsAAgFAAAABQAAAAAFdgAAAAEzAAAAAAEBBAYKAAAAQQByAGkAYQBsAAUGCgAAAEEAcgBpAGEAbAAHBgoAAABBAHIAaQBhAGwACDkAAAAANAAAAEkAbgBoAGEAbAB0AGwAaQBjAGgAIABWAGUAcgBhAG4AdAB3AG8AcgB0AGwAaQBjAGgAZQAFZQAAAAEwAAAABAYKAAAAQQByAGkAYQBsAAUGCgAAAEEAcgBpAGEAbAAHBgoAAABBAHIAaQBhAGwACCsAAAAAJgAAACAAZwBlAG0A5ADfACAApwAgADUANQAgAEEAYgBzAC4AIAAyACAABUcAAAABMAAAAAQGCgAAAEEAcgBpAGEAbAAFBgoAAABBAHIAaQBhAGwABwYKAAAAQQByAGkAYQBsAAgNAAAAAAgAAABSAFMAdABWAAVrAAAAATAAAAAEBgoAAABBAHIAaQBhAGwABQYKAAAAQQByAGkAYQBsAAcGCgAAAEEAcgBpAGEAbAAIMQAAAAAsAAAAOgAgAFAAcgBvAGYALgAgAEQAcgAuACAAUwBpAG0AbwBuACAARgBpAG4AawAFmwAAAAEwAAAABAYKAAAAQQByAGkAYQBsAAUGCgAAAEEAcgBpAGEAbAAHBgoAAABBAHIAaQBhAGwACGEAAAAAXAAAACwAIABMAGUAaAByAHMAdAB1AGgAbAAgAGYA\/AByACAAZABhAHMAIABwAG8AbABpAHQAaQBzAGMAaABlACAAUwB5AHMAdABlAG0AIABkAGUAcgAgAEIAUgBEAC4ABT8AAAABMAAAAAQGCgAAAEEAcgBpAGEAbAAFBgoAAABBAHIAaQBhAGwABwYKAAAAQQByAGkAYQBsAAgFAAAABQAAAAAFPwAAAAEwAAAABAYKAAAAQQByAGkAYQBsAAUGCgAAAEEAcgBpAGEAbAAHBgoAAABBAHIAaQBhAGwACAUAAAAFAAAAAAViAAAAATMAAAAAAQEEBgoAAABBAHIAaQBhAGwABQYKAAAAQQByAGkAYQBsAAcGCgAAAEEAcgBpAGEAbAAIJQAAAAAgAAAASABhAGYAdAB1AG4AZwBzAGgAaQBuAHcAZQBpAHMAOgAFvwEAAAEwAAAABAYKAAAAQQByAGkAYQBsAAUGCgAAAEEAcgBpAGEAbAAHBgoAAABBAHIAaQBhAGwACIUBAAAAgAEAAKAAVAByAG8AdAB6ACAAcwBvAHIAZwBmAOQAbAB0AGkAZwBlAHIAIABpAG4AaABhAGwAdABsAGkAYwBoAGUAcgAgAEsAbwBuAHQAcgBvAGwAbABlACAA\/ABiAGUAcgBuAGUAaABtAGUAbgAgAHcAaQByACAAawBlAGkAbgBlACAASABhAGYAdAB1AG4AZwAgAGYA\/AByACAAZABpAGUAIABJAG4AaABhAGwAdABlACAAZQB4AHQAZQByAG4AZQByACAATABpAG4AawBzAC4AIABGAPwAcgAgAGQAZQBuACAASQBuAGgAYQBsAHQAIABkAGUAcgAgAHYAZQByAGwAaQBuAGsAdABlAG4AIABTAGUAaQB0AGUAbgAgAHMAaQBuAGQAIABhAHUAcwBzAGMAaABsAGkAZQDfAGwAaQBjAGgAIABkAGUAcgBlAG4AIABCAGUAdAByAGUAaQBiAGUAcgAgAHYAZQByAGEAbgB0AHcAbwByAHQAbABpAGMAaAAuAAUKAAAAAQAAAAAIAAAAAAU6AAAAATAAAAAEBgoAAABBAHIAaQBhAGwABQYKAAAAQQByAGkAYQBsAAcGCgAAAEEAcgBpAGEAbAAIAAAAAAoAAAAAAAAAABEAAAAAhwAAAAAtAAAAAQYAAAAACQYbAAAAJwQDAQAACwEBHAEAKAQAAAAAHQEAKQSgAAAAGwYAAAAAAUsAAAAoAQcpAQcqAQcrAQUTAQEIBBYAAAAWBBYAAAAZBgoAAABkAGUALQBEAEUAGgYKAAAAYQByAC0AUwBBABsGCgAAAGUAbgAtAFUAUwACAAAAAA==\"><span style=\"color: var(--body_typography-color); font-family: var(--body_typography-font-family); font-size: var(--body_typography-font-size); font-style: var(--body_typography-font-style,normal); letter-spacing: var(--body_typography-letter-spacing);\">Georg-August-Universit\u00e4t G\u00f6ttingen<\/span><\/p>\n<p>Institut f\u00fcr Politikwissenschaft<\/p>\n<p>Lehrstuhl f\u00fcr das politische System der BRD<\/p>\n<p>Platz der G\u00f6ttinger Sieben 3<br \/>37073 G\u00f6ttingen<\/p>\n<p>E-Mail: pur@uni-goettingen.de<\/p>\n<p>Vertretungsberechtigte Person: Prof. Dr. Simon Fink.<\/p>\n<p>Die Georg-August-Universit\u00e4t G\u00f6ttingen ist eine K\u00f6rperschaft des \u00f6ffentlichen Rechts. Sie wird durch den Pr\u00e4sidenten Prof. Dr. Metin Tolan gesetzlich vertreten.<\/p>\n<p><b>Zust\u00e4ndige Aufsichtsbeh\u00f6rde:<\/b><br \/>Georg-August-Universit\u00e4t G\u00f6ttingen Stiftung \u00d6ffentlichen Rechts, Stiftungsausschuss Universit\u00e4t (\u00a7\u00a7 59 Abs. 2, 60 Abs. 2 Satz 2 Nr. 7, 60 a Abs. 1 NHG), Wilhelmsplatz 1, 37073 G\u00f6ttingen<\/p>\n<p><b>Umsatzsteuer-Identifikationsnummer<\/b> gem\u00e4\u00df \u00a7 27 a Umsatzsteuergesetz: DE 286 005 408<\/p>\n<p><b>Inhaltlich Verantwortliche<\/b> gem\u00e4\u00df \u00a7 55 Abs. 2 RStV: Prof. Dr. Simon Fink, Lehrstuhl f\u00fcr das politische System der BRD.<\/p>\n<p><b>Haftungshinweis:<\/b> Trotz sorgf\u00e4ltiger inhaltlicher Kontrolle \u00fcbernehmen wir keine Haftung f\u00fcr die Inhalte externer Links. F\u00fcr den Inhalt der verlinkten Seiten sind ausschlie\u00dflich deren Betreiber verantwortlich.<\/p>\n<\/div><\/div><style type=\"text\/css\">.fusion-body .fusion-builder-column-0{width:100% !important;margin-top : 0px;margin-bottom : 20px;}.fusion-builder-column-0 > .fusion-column-wrapper {padding-top : 0px !important;padding-right : 0px !important;margin-right : 1.92%;padding-bottom : 0px !important;padding-left : 0px !important;margin-left : 1.92%;}@media only screen and (max-width:1024px) {.fusion-body .fusion-builder-column-0{width:100% !important;order : 0;}.fusion-builder-column-0 > .fusion-column-wrapper {margin-right : 1.92%;margin-left : 1.92%;}}@media only screen and (max-width:640px) {.fusion-body .fusion-builder-column-0{width:100% !important;order : 0;}.fusion-builder-column-0 > .fusion-column-wrapper {margin-right : 1.92%;margin-left : 1.92%;}}<\/style><\/div><\/div><style type=\"text\/css\">.fusion-body .fusion-flex-container.fusion-builder-row-1{ padding-top : 0px;margin-top : 0px;padding-right : 0px;padding-bottom : 0px;margin-bottom : 0px;padding-left : 0px;}<\/style><\/div>\n","protected":false},"excerpt":{"rendered":"","protected":false},"author":7,"featured_media":0,"parent":0,"menu_order":0,"comment_status":"closed","ping_status":"closed","template":"","meta":{"footnotes":""},"class_list":["post-5359","page","type-page","status-publish","hentry"],"yoast_head":"<!-- This site is optimized with the Yoast SEO plugin v20.0 - https:\/\/yoast.com\/wordpress\/plugins\/seo\/ -->\n<title>Impressum - Politik und Recht erleben<\/title>\n<meta name=\"robots\" content=\"index, follow, max-snippet:-1, max-image-preview:large, max-video-preview:-1\" \/>\n<link rel=\"canonical\" href=\"https:\/\/politikundrechterleben.uni-goettingen.de\/wordpress\/impressum\/\" \/>\n<meta property=\"og:locale\" content=\"de_DE\" \/>\n<meta property=\"og:type\" content=\"article\" \/>\n<meta property=\"og:title\" content=\"Impressum - Politik und Recht erleben\" \/>\n<meta property=\"og:url\" content=\"https:\/\/politikundrechterleben.uni-goettingen.de\/wordpress\/impressum\/\" \/>\n<meta property=\"og:site_name\" content=\"Politik und Recht erleben\" \/>\n<meta property=\"article:modified_time\" content=\"2023-06-12T10:01:51+00:00\" \/>\n<meta name=\"twitter:card\" content=\"summary_large_image\" \/>\n<meta name=\"twitter:label1\" content=\"Gesch\u00e4tzte Lesezeit\" \/>\n\t<meta name=\"twitter:data1\" content=\"3\u00a0Minuten\" \/>\n<script type=\"application\/ld+json\" class=\"yoast-schema-graph\">{\"@context\":\"https:\/\/schema.org\",\"@graph\":[{\"@type\":\"WebPage\",\"@id\":\"https:\/\/politikundrechterleben.uni-goettingen.de\/wordpress\/impressum\/\",\"url\":\"https:\/\/politikundrechterleben.uni-goettingen.de\/wordpress\/impressum\/\",\"name\":\"Impressum - Politik und Recht erleben\",\"isPartOf\":{\"@id\":\"https:\/\/politikundrechterleben.uni-goettingen.de\/wordpress\/#website\"},\"datePublished\":\"2022-07-05T09:40:02+00:00\",\"dateModified\":\"2023-06-12T10:01:51+00:00\",\"breadcrumb\":{\"@id\":\"https:\/\/politikundrechterleben.uni-goettingen.de\/wordpress\/impressum\/#breadcrumb\"},\"inLanguage\":\"de\",\"potentialAction\":[{\"@type\":\"ReadAction\",\"target\":[\"https:\/\/politikundrechterleben.uni-goettingen.de\/wordpress\/impressum\/\"]}]},{\"@type\":\"BreadcrumbList\",\"@id\":\"https:\/\/politikundrechterleben.uni-goettingen.de\/wordpress\/impressum\/#breadcrumb\",\"itemListElement\":[{\"@type\":\"ListItem\",\"position\":1,\"name\":\"Startseite\",\"item\":\"https:\/\/politikundrechterleben.uni-goettingen.de\/wordpress\/\"},{\"@type\":\"ListItem\",\"position\":2,\"name\":\"Impressum\"}]},{\"@type\":\"WebSite\",\"@id\":\"https:\/\/politikundrechterleben.uni-goettingen.de\/wordpress\/#website\",\"url\":\"https:\/\/politikundrechterleben.uni-goettingen.de\/wordpress\/\",\"name\":\"Politik und Recht erleben\",\"description\":\"Die Seite zum Projekt &quot;Politik und Recht erleben&quot;\",\"publisher\":{\"@id\":\"https:\/\/politikundrechterleben.uni-goettingen.de\/wordpress\/#organization\"},\"potentialAction\":[{\"@type\":\"SearchAction\",\"target\":{\"@type\":\"EntryPoint\",\"urlTemplate\":\"https:\/\/politikundrechterleben.uni-goettingen.de\/wordpress\/?s={search_term_string}\"},\"query-input\":\"required name=search_term_string\"}],\"inLanguage\":\"de\"},{\"@type\":\"Organization\",\"@id\":\"https:\/\/politikundrechterleben.uni-goettingen.de\/wordpress\/#organization\",\"name\":\"Politik und Recht erleben Universit\u00e4t G\u00f6ttingen\",\"url\":\"https:\/\/politikundrechterleben.uni-goettingen.de\/wordpress\/\",\"logo\":{\"@type\":\"ImageObject\",\"inLanguage\":\"de\",\"@id\":\"https:\/\/politikundrechterleben.uni-goettingen.de\/wordpress\/#\/schema\/logo\/image\/\",\"url\":\"https:\/\/politikundrechterleben.uni-goettingen.de\/wordpress\/wp-content\/uploads\/2022\/12\/Skyline-scaled.jpg\",\"contentUrl\":\"https:\/\/politikundrechterleben.uni-goettingen.de\/wordpress\/wp-content\/uploads\/2022\/12\/Skyline-scaled.jpg\",\"width\":2560,\"height\":1919,\"caption\":\"Politik und Recht erleben Universit\u00e4t G\u00f6ttingen\"},\"image\":{\"@id\":\"https:\/\/politikundrechterleben.uni-goettingen.de\/wordpress\/#\/schema\/logo\/image\/\"}}]}<\/script>\n<!-- \/ Yoast SEO plugin. -->","yoast_head_json":{"title":"Impressum - Politik und Recht erleben","robots":{"index":"index","follow":"follow","max-snippet":"max-snippet:-1","max-image-preview":"max-image-preview:large","max-video-preview":"max-video-preview:-1"},"canonical":"https:\/\/politikundrechterleben.uni-goettingen.de\/wordpress\/impressum\/","og_locale":"de_DE","og_type":"article","og_title":"Impressum - Politik und Recht erleben","og_url":"https:\/\/politikundrechterleben.uni-goettingen.de\/wordpress\/impressum\/","og_site_name":"Politik und Recht erleben","article_modified_time":"2023-06-12T10:01:51+00:00","twitter_card":"summary_large_image","twitter_misc":{"Gesch\u00e4tzte Lesezeit":"3\u00a0Minuten"},"schema":{"@context":"https:\/\/schema.org","@graph":[{"@type":"WebPage","@id":"https:\/\/politikundrechterleben.uni-goettingen.de\/wordpress\/impressum\/","url":"https:\/\/politikundrechterleben.uni-goettingen.de\/wordpress\/impressum\/","name":"Impressum - Politik und Recht erleben","isPartOf":{"@id":"https:\/\/politikundrechterleben.uni-goettingen.de\/wordpress\/#website"},"datePublished":"2022-07-05T09:40:02+00:00","dateModified":"2023-06-12T10:01:51+00:00","breadcrumb":{"@id":"https:\/\/politikundrechterleben.uni-goettingen.de\/wordpress\/impressum\/#breadcrumb"},"inLanguage":"de","potentialAction":[{"@type":"ReadAction","target":["https:\/\/politikundrechterleben.uni-goettingen.de\/wordpress\/impressum\/"]}]},{"@type":"BreadcrumbList","@id":"https:\/\/politikundrechterleben.uni-goettingen.de\/wordpress\/impressum\/#breadcrumb","itemListElement":[{"@type":"ListItem","position":1,"name":"Startseite","item":"https:\/\/politikundrechterleben.uni-goettingen.de\/wordpress\/"},{"@type":"ListItem","position":2,"name":"Impressum"}]},{"@type":"WebSite","@id":"https:\/\/politikundrechterleben.uni-goettingen.de\/wordpress\/#website","url":"https:\/\/politikundrechterleben.uni-goettingen.de\/wordpress\/","name":"Politik und Recht erleben","description":"Die Seite zum Projekt &quot;Politik und Recht erleben&quot;","publisher":{"@id":"https:\/\/politikundrechterleben.uni-goettingen.de\/wordpress\/#organization"},"potentialAction":[{"@type":"SearchAction","target":{"@type":"EntryPoint","urlTemplate":"https:\/\/politikundrechterleben.uni-goettingen.de\/wordpress\/?s={search_term_string}"},"query-input":"required name=search_term_string"}],"inLanguage":"de"},{"@type":"Organization","@id":"https:\/\/politikundrechterleben.uni-goettingen.de\/wordpress\/#organization","name":"Politik und Recht erleben Universit\u00e4t G\u00f6ttingen","url":"https:\/\/politikundrechterleben.uni-goettingen.de\/wordpress\/","logo":{"@type":"ImageObject","inLanguage":"de","@id":"https:\/\/politikundrechterleben.uni-goettingen.de\/wordpress\/#\/schema\/logo\/image\/","url":"https:\/\/politikundrechterleben.uni-goettingen.de\/wordpress\/wp-content\/uploads\/2022\/12\/Skyline-scaled.jpg","contentUrl":"https:\/\/politikundrechterleben.uni-goettingen.de\/wordpress\/wp-content\/uploads\/2022\/12\/Skyline-scaled.jpg","width":2560,"height":1919,"caption":"Politik und Recht erleben Universit\u00e4t G\u00f6ttingen"},"image":{"@id":"https:\/\/politikundrechterleben.uni-goettingen.de\/wordpress\/#\/schema\/logo\/image\/"}}]}},"_links":{"self":[{"href":"https:\/\/politikundrechterleben.uni-goettingen.de\/wordpress\/wp-json\/wp\/v2\/pages\/5359","targetHints":{"allow":["GET"]}}],"collection":[{"href":"https:\/\/politikundrechterleben.uni-goettingen.de\/wordpress\/wp-json\/wp\/v2\/pages"}],"about":[{"href":"https:\/\/politikundrechterleben.uni-goettingen.de\/wordpress\/wp-json\/wp\/v2\/types\/page"}],"author":[{"embeddable":true,"href":"https:\/\/politikundrechterleben.uni-goettingen.de\/wordpress\/wp-json\/wp\/v2\/users\/7"}],"replies":[{"embeddable":true,"href":"https:\/\/politikundrechterleben.uni-goettingen.de\/wordpress\/wp-json\/wp\/v2\/comments?post=5359"}],"version-history":[{"count":4,"href":"https:\/\/politikundrechterleben.uni-goettingen.de\/wordpress\/wp-json\/wp\/v2\/pages\/5359\/revisions"}],"predecessor-version":[{"id":6573,"href":"https:\/\/politikundrechterleben.uni-goettingen.de\/wordpress\/wp-json\/wp\/v2\/pages\/5359\/revisions\/6573"}],"wp:attachment":[{"href":"https:\/\/politikundrechterleben.uni-goettingen.de\/wordpress\/wp-json\/wp\/v2\/media?parent=5359"}],"curies":[{"name":"wp","href":"https:\/\/api.w.org\/{rel}","templated":true}]}}